 -101040 - -14?
-101021
In base 4, what is -33313 + 220?
-33033
In base 2, what is -101000100101010 - -1101?
-101000100011101
In base 10, what is 4 + -161165?
-161161
In base 13, what is -364a - 87?
-3704
In base 3, what is -2002 - 122202?
-201211
In base 10, what is 134 + -3103?
-2969
In base 11, what is 181270 + 3?
181273
In base 14, what is -29b7 - -14?
-29a3
In base 9, what is -504123 + 0?
-504123
In base 5, what is 300431 - -1233?
302214
In base 13, what is 19 - -327c?
3298
In base 7, what is -2 - 141236?
-141241
In base 3, what is 22212110 - -1002?
22220112
In base 4, what is 10 + -30123200?
-30123130
In base 3, what is 11010 - 1111201?
-1100121
In base 9, what is 28 - -22573?
22612
In base 5, what is 3 - -324320?
324323
In base 2, what is -11001001101111 - 10?
-11001001110001
In base 16, what is b - -d3a4?
d3af
In base 14, what is -3b4 + -43?
-417
In base 3, what is -11101201 + 1?
-11101200
In base 13, what is 9 - 2097?
-208b
In base 5, what is 423 + -430143?
-424220
In base 2, what is 1000001110100111 + -11?
1000001110100100
In base 5, what is 1134304 - 3?
1134301
In base 13, what is 7b6 + -b?
7a8
In base 2, what is -10010101 - 101110011?
-1000001000
In base 7, what is 1364001 - 0?
1364001
In base 4, what is 1 + 200022310?
200022311
In base 16, what is 35 + -4b7c?
-4b47
In base 12, what is 2 + -110568?
-110566
In base 15, what is -16aa + -1?
-16ab
In base 4, what is -1103002 - 1033?
-1110101
In base 16, what is -5 + 1bc8?
1bc3
In base 7, what is 303364 + -3?
303361
In base 2, what is -101 - -1111101011?
1111100110
In base 12, what is 10aa0 + -9?
10a93
In base 12, what is 442b9 - -5?
44302
In base 10, what is -60553 - -3?
-60550
In base 12, what is 7 + 8a6?
8b1
In base 5, what is -1031032 + -1?
-1031033
In base 12, what is -2480 - -4b?
-2431
In base 14, what is -7a29 - 135?
-7b60
In base 12, what is -8 + 6b?
63
In base 6, what is 3042 + -404?
2234
In base 12, what is -96 + -1316?
-13b0
In base 5, what is -2132 + -1133?
-3320
In base 7, what is 2 - -4614?
4616
In base 12, what is 28092 - 3?
2808b
In base 15, what is -81c + -528?
-d45
In base 8, what is -42 - 7150?
-7212
In base 6, what is 25 - 101100?
-101031
In base 14, what is 0 - -12050?
12050
In base 2, what is 1 + -100011110111000001?
-100011110111000000
In base 2, what is -11110100 + 10001010000?
1101011100
In base 16, what is -a5 - 10a0?
-1145
In base 9, what is 5407 + 148?
5556
In base 10, what is 44419 - -8?
44427
In base 11, what is -57 - -174?
118
In base 6, what is 3341430 + -3?
3341423
In base 16, what is -2 + 8e33?
8e31
In base 10, what is -26 - -46270?
46244
In base 12, what is 2 - -aa20?
aa22
In base 16, what is -8cf - -e31?
562
In base 7, what is 1 + 214011?
214012
In base 13, what is -5796 + 3?
-5793
In base 9, what is 145 - 16?
128
In base 2, what is -101 - -111010011100011?
111010011011110
In base 15, what is a14 - 39?
9ca
In base 4, what is 201 - 212132?
-211331
In base 6, what is 33231241 - 3?
33231234
In base 9, what is -312002 + 1?
-312001
In base 5, what is 4 - -322121?
322130
In base 4, what is 1 + 1113111?
1113112
In base 5, what is 2114 + -2003?
111
In base 6, what is 1250040 + 5?
1250045
In base 15, what is -65945 - -2?
-65943
In base 13, what is 24986 - 6?
24980
In base 3, what is -110 + -10011211120?
-10011212000
In base 5, what is 4211 - 20?
4141
In base 5, what is 3103 - 4322?
-1214
In base 16, what is -18012 - -2?
-18010
In base 4, what is -22013213 - -1?
-22013212
In base 5, what is -104144044 + 3?
-104144041
In base 4, what is -3212310202 - 2?
-3212310210
In base 15, what is -5129 - -7?
-5122
In base 10, what is -2151 + -2?
-2153
In base 13, what is 1c2c + 4?
1c33
In base 9, what is -58127 + 4?
-58123
In base 5, what is 424 - 3432?
-3003
In base 5, what is 2414430 - -4?
2414434
In base 15, what is -1c5 - 54?
-229
In base 8, what is 232 + 415?
647
In base 3, what is 100112 + 1100101?
1200220
In base 5, what is 11 + -12031?
-12020
In base 3, what is 202221 + 2001112?
2211110
In base 6, what is 3 + -1405125?
-1405122
In base 13, what is 2343a51 + 5?
2343a56
In base 10, what is 38 - -638?
676
In base 5, what is 10 - 123122004?
-123121444
In base 15, what is -5a9d6 + e?
-5a9c7
In base 3, what is 2 - 2021210102?
-2021210100
In base 16, what is 3a2 - 87?
31b
In base 11, what is -260178 + 3?
-260175
In base 6, what is 33420 + 3552?
41412
In base 12, what is -2a7 - -5170?
4a85
In base 10, what is -2 + 680078?
680076
In base 3, what is -22101111 + -100?
-22101211
In base 2, what is -110111 + -110111001100?
-111000000011
In base 7, what is -153 + -35604?
-36060
In base 15, what is 9c82 - 5?
9c7c
In base 3, what is 100102201011 - -11?
100102201022
In base 14, what is -7 - -2b95?
2b8c
In base 10, what is 251 + 171?
422
In base 11, what is 0 - -32a1?
32a1
In base 9, what is 663 - -45?
718
In base 9, what is 5 - 827774?
-827768
In base 3, what is 1 + -100001121010?
-100001121002
In base 15, what is -3b1d + -65?
-3b83
In base 10, what is 10515 - -24?
10539
In base 7, what is 44 + -463?
-416
In base 10, what is 97644 + -2?
97642
In base 2, what is -11 - -110111000011011?
110111000011000
In base 15, what is -a9 - -dab?
d02
In base 7, what is 14302 + 126?
14431
In base 5, what is -2 - 113302304?
-113302311
In base 7, what is -250 + -3053?
-3333
In base 7, what is -421 + 442?
21
In base 16, what is 3f78 - -19?
3f91
In base 14, what is 5 - -3361?
3366
In base 3, what is -12112 + -20001?
-102120
In base 9, what is -42 - 353?
-405
In base 13, what is a7 - -4b1c?
4bc6
In base 2, what is 1001000100001001101 - -1?
1001000100001001110
In base 14, what is -5 - -4b26?
4b21
In base 8, what is 2032 - -643?
2675
In base 16, what is 5 + 8b7e?
8b83
In base 15, what is -8 - -7cb34?
7cb2b
In base 5, what is 144234221 - 1?
144234220
In base 5, what is -1431314 - -2?
-1431312
In base 6, what is -1 - -15054100?
15054055
In base 12, what is -4 - 615a3?
-615a7
In base 16, what is -1d1d - 14?
-1d31
In base 15, what is 9a + -1273?
-11c8
In base 11, what is 5 + 3828a7?
382901
In base 9, what is 2 + 2476?
2478
In base 11, what is -93 + -13?
-a6
In base 7, what is 11512 - -22?
11534
In base 6, what is -1253 + -1111?
-2404
In base 14, what is 246 - -23?
269
In base 13, what is 134 + -666?
-532
In base 16, what is 19c + 166?
302
In base 6, what is 30 + 15004?
15034
In base 11, what is 31aa0a + 7?
31aa16
In base 7, what is -1034211 + 4?
-1034204
In base 12, what is -7 - b92?
-b99
In base 15, what is -56 + -4b?
-a2
In base 14, what is -693 - 24?
-6b7
In base 3, what is 100112022 + 2100?
100121122
In base 15, what is -7987 - 1?
-7988
In base 13, what is -4 + b57a3?
b579c
In base 7, what is -351 - -141?
-210
In base 2, what is 110010111 + -1011101?
100111010
In base 2, what is -10101001 - 10111101111?
-11010011000
In base 14, what is a44745 - -5?
a4474a
In base 13, what is 7011 - -52?
7063
In base 11, what is 2305134 + 4?
2305138
In base 4, what is -1003 - 3000?
-10003
In base 16, what is d - 9e2c?
-9e1f
In base 13, what is 326 + 6c?
395
In base 8, what is 4 + -30743?
-30737
In base 10, what is -3844 - -4?
-3840
In base 8, what is 1237 - 1420?
-161
In base 14, what is 36 - -543?
579
In base 4, what is 1203000101 + 0?
1203000101
In base 8, what is 206 - -11011?
11217
In base 12, what is -1783 + 168?
-1617
In base 14, what is 4845a + -2?
48458
In base 2, what is -1001111100101 + -10100?
-1001111111001
In base 9, what is 28166 - -3?
28170
In base 8, what is 3 - -140537?
140542
In base 15, what is b5e5 + 3?
b5e8
In base 11, what is 27a - 132?
148
In base 4, what is 220 + -202123?
-201303
In base 4, what is -2023 + 112110?
110021
In base 13, what is -34 + c4c?
c18
In base 6, what is -12401425 + -15?
-12401444
In base 5, what is 0 - -3400321?
3400321
In base 12, what is -997 + 9?
-98a
In base 9, what is 151 - -4280?
4441
In base 7, what is 61 + -35242?
-35151
In base 7, what is 34134 + -246?
33555
In base 10, what is -264 + -171?
-435
In base 3, what is -1 - -10020122212?
10020122211
In base 16, what is -eb6a - 0?
-eb6a
In base 8, what is 4 - -145264?
145270
In base 4, what is 3013213 - 132?
3013021
In base 2, what is 10001011011001111111 + 100?
10001011011010000011
In base 13, what is -582 + 4?
-57b
In base 14, what is 1 + 17d22?
17d23
In base 4, what is -1211010 - 3?
-1211013
In base 10, what is 1426 +